) = -25*d**2 - 11*d - 2. Calculate a(-2).
-80
Let f(p) = 11*p**2 - 4*p - 2. Give f(-1).
13
Let n(j) = -4*j**3 + j**2 + 4*j - 3. Calculate n(2).
-23
Let n(x) = 3*x + 14. Give n(6).
32
Let i(z) = -z**2 - 9*z + 37. Give i(-14).
-33
Let h(k) = -k**2 + 12*k - 10. Determine h(12).
-10
Let y(z) = z**3 - 2*z**2 + 3*z - 1. Calculate y(2).
5
Let j(o) = 105*o - 108. What is j(1)?
-3
Let f(l) = -l**3 - 19*l**2 + 42*l + 30. Determine f(-21).
30
Let w(v) = -v**3 - 11*v**2 - 8*v + 8. Calculate w(-10).
-12
Let c(i) = -i**3 - 17*i**2 - 17*i - 21. Give c(-16).
-5
Let w(u) = u**3 + 2*u**2 - u + 97. Determine w(0).
97
Let l(b) = b**3 + 5*b**2 - 1. What is l(-3)?
17
Let n(s) = -s**2 + 8*s - 15. What is n(6)?
-3
Let y(l) = -l - 15. What is y(-14)?
-1
Let g(q) = 2*q - 10. What is g(8)?
6
Let u(r) = -r**3 + 10*r**2 - 11*r + 1. What is u(9)?
-17
Let m(d) = 6*d**2 + 19*d + 8. What is m(-3)?
5
Let c(l) = -l**2 - 2*l + 5. Determine c(6).
-43
Let t(c) = -2*c**2 + 23*c - 31. Calculate t(11).
-20
Let k(g) = 2*g**2 - g - 3. What is k(2)?
3
Let p(o) = o**3 + 11*o**2 - 13*o - 22. Determine p(-12).
-10
Let a(v) = v**3 + 11*v**2 + 12*v - 9. Give a(-10).
-29
Let g(d) = d**2 - 14*d + 20. Give g(12).
-4
Let b(j) = -j**2 + 30*j - 177. Calculate b(19).
32
Let k(m) = 3*m**2 + 7*m + 4. Calculate k(-6).
70
Let t(g) = -g**3 - 28*g**2 - 52*g - 7. Calculate t(-26).
-7
Let t(l) = -l**3 + 11*l**2 - 5*l - 58. Determine t(10).
-8
Let i(w) = -2*w - 4. Determine i(-4).
4
Let i(j) = -j. Give i(9).
-9
Let o(w) = -6*w**2 + 29*w + 8. What is o(5)?
3
Let b(k) = -k**3 + 4*k**2 + 8*k - 2. Calculate b(6).
-26
Let b(x) = 3*x + 39. What is b(-15)?
-6
Let g(w) = w**3 + w - 5. What is g(0)?
-5
Let y(k) = k**2 - 13*k + 4. What is y(11)?
-18
Let d(u) = -u**3 - 8*u**2 + 13*u + 12. Give d(-10).
82
Let m(p) = 2*p**2 + 8*p + 12. Calculate m(-5).
22
Let x(r) = r**3 + 5*r**2 + 5*r - 2. What is x(-5)?
-27
Let d(f) = 19*f + 2. Give d(-1).
-17
Let o(i) = 2*i + 10. Determine o(-9).
-8
Let j(p) = -p**2 + p - 21. What is j(0)?
-21
Let q(o) = -o**2 - 8*o - 12. Give q(-8).
-12
Let c(w) = w**3 + 8*w**2 + 12*w + 8. Determine c(-6).
8
Let v(g) = g**2 - 31*g + 105. What is v(27)?
-3
Let p(d) = -8*d - 72. Calculate p(-17).
64
Let i(s) = -s**3 + 4*s**2 + 6*s + 7. Calculate i(5).
12
Let q(y) = -y + 1. Calculate q(10).
-9
Let b(p) = -2*p**2 - 23*p + 34. Determine b(-12).
22
Let p(u) = -u**3 - 23*u**2 + 48*u - 55. Determine p(-25).
-5
Let d(f) = -2*f**2 - 51*f - 25. Determine d(-25).
0
Let m(n) = 6*n**2 + 168*n - 6. Calculate m(-28).
-6
Let q(f) = -f - 7. Calculate q(13).
-20
Let w(t) = t**3 - 6*t**2 + 3*t + 4. Calculate w(4).
-16
Let u(f) = -2*f**3 - 3*f**2 + 2*f + 2. Calculate u(2).
-22
Let d(c) = -8*c - 40. What is d(-5)?
0
Let r(n) = -17*n + 14. What is r(5)?
-71
Let u(d) = d**3 - 2*d**2 + 2*d - 1. Give u(0).
-1
Let j(i) = -i**2 - 6*i - 11. Calculate j(-4).
-3
Let a(r) = 13*r - 190. Give a(15).
5
Let v(u) = u**3 - 7*u**2 + 11*u - 19. What is v(5)?
-14
Let v(m) = -m**3 - 11*m**2 - 11*m - 15. What is v(-10)?
-5
Let t(g) = -26*g**2 - 4*g + 4. Determine t(1).
-26
Let x(b) = 2*b + 37. Determine x(-21).
-5
Let v(o) = -6*o + 12. Determine v(-12).
84
Let q(p) = -p**3 - 7*p**2 - 7*p - 2. Calculate q(-6).
4
Let m(w) = -162*w - 168. Calculate m(-1).
-6
Let t(u) = u**2 - 7*u + 5. What is t(7)?
5
Let h(z) = 21*z**2 - 15*z - 16. Determine h(-1).
20
Let d(i) = -2*i**2 + 19*i - 64. Give d(5).
-19
Let s(r) = -18*r + 47. What is s(4)?
-25
Let z(a) = a**2 - 19*a + 12. Calculate z(18).
-6
Let l(y) = 2*y**2 + 15*y + 25. Give l(-5).
0
Let o(q) = -2*q**2 - 11*q + 25. What is o(3)?
-26
Let b(t) = 85*t - 941. Give b(11).
-6
Let t(h) = -h**3 + 12*h**2 - 13*h + 25. Determine t(11).
3
Let j(n) = n**2 - 18*n + 3. Calculate j(17).
-14
Let y(l) = l**2 + 21*l + 119. Determine y(-8).
15
Let o(g) = g**3 - 5*g**2 - 5*g - 3. Give o(5).
-28
Let h(c) = -c**3 - 20*c**2 - 11*c - 43. Determine h(-20).
177
Let x(a) = -3*a + 1. Give x(-1).
4
Let r(t) = -t**2 - 23*t + 26. Give r(-24).
2
Let f(q) = 3*q**2 - 3*q + 1. Determine f(-3).
37
Let v(w) = w**3 + w**2 - 3*w + 4. What is v(2)?
10
Let o(l) = l - 6. Give o(6).
0
Let a(w) = -w**2 - 22*w - 19. Give a(-21).
2
Let r(m) = m**2 + m - 8. Give r(0).
-8
Let w(a) = a**2 - 5*a + 10. Calculate w(4).
6
Let k(m) = 15*m + 22. What is k(-9)?
-113
Let d(h) = -h**3 + 13*h**2 - 16*h - 5. Determine d(11).
61
Let f(r) = -12*r - 2. Calculate f(3).
-38
Let q(l) = l**2 - 8*l + 3. Give q(9).
12
Let c(a) = a**2 - 5*a - 25. Give c(12).
59
Let r(w) = -w**3 + 18*w**2 - 2*w + 5. Give r(18).
-31
Let q(f) = 3*f - 14. What is q(8)?
10
Let o(t) = t**2 - 10*t - 2. Determine o(11).
9
Let j(y) = 28*y + 1. Give j(1).
29
Let u(g) = -2*g + 14. What is u(12)?
-10
Let q(z) = -14*z + 215. Determine q(0).
215
Let y(r) = -r**3 - 12*r**2 - 5*r - 44. Give y(-11).
-110
Let r(b) = 9*b - 32. Determine r(4).
4
Let w(t) = -t - 10. What is w(-11)?
1
Let x(w) = w**2 + 11*w + 16. Give x(-8).
-8
Let n(b) = b**3 + 22*b**2 - 21*b + 39. Give n(-23).
-7
Let v(g) = g**3 - 2*g**2 - g - 4. What is v(3)?
2
Let p(y) = y + 1. Give p(-16).
-15
Let n(z) = -z**3 - 7*z**2 + 9*z + 8. Give n(-8).
0
Let i(a) = -a**3 + 3*a**2 - 3*a + 4. What is i(3)?
-5
Let r(f) = 27*f - 12. Determine r(5).
123
Let g(d) = 15*d - 96. Determine g(6).
-6
Let a(u) = -2*u + 43. What is a(0)?
43
Let y(o) = -o**2 - 5*o + 2. What is y(-5)?
2
Let l(h) = -2*h**2 - 3*h - 6. What is l(-3)?
-15
Let x(i) = -i**2 + i + 5. Determine x(5).
-15
Let y(w) = w**3 + 6*w**2 - 3*w - 10. Determine y(-6).
8
Let r(u) = -u**3 - 22*u**2 + u + 18. Determine r(-22).
-4
Let v(c) = c**3 - 12*c**2 + 9*c + 7. Determine v(11).
-15
Let c(x) = -13*x**3 + x**2 + 3*x - 2. What is c(1)?
-11
Let n(d) = d**3 + 17*d**2 - 6. Calculate n(-17).
-6
Let s(w) = w**3 + 11*w**2 + w + 13. Calculate s(-11).
2
Let j(b) = 2*b**2 - 8*b - 30. Calculate j(6).
-6
Let d(k) = -7*k - 10. What is d(-3)?
11
Let z(m) = -m**2 - 8*m + 1. Calculate z(1).
-8
Let m(s) = s - 17. Calculate m(19).
2
Let k(z) = 3*z + 7. Calculate k(-1).
4
Let o(x) = x**2 - 26*x + 65. Calculate o(19).
-68
Let d(w) = 35*w - 68. Determine d(2).
2
Let t(i) = i**3 + i**2 - i - 20. What is t(0)?
-20
Let o(k) = -k**2 - 12*k + 127. What is o(7)?
-6
Let i(w) = w**3 + 9*w**2 + 3*w + 21. What is i(-9)?
-6
Let p(t) = -7*t - 19. Give p(7).
-68
Let c(a) = -a**3 - 4*a**2 + 2*a - 7. Calculate c(-5).
8
Let c(w) = -15*w**2 + w + 1. Give c(-1).
-15
Let u(d) = 5*d**2 + 53*d + 20. What is u(-10)?
-10
Let h(w) = 6*w**2 + 71*w - 16. Determine h(-12).
-4
Let h(z) = z**3 + 14*z**2 + 20*z + 17. Determine h(-13).
-74
Let w(j) = -3*j - 8. Calculate w(-5).
7
Let d(a) = 3*a**3 - 3*a**2 - 2*a - 3. Give d(-2).
-35
Let x(n) = -3*n**2 + 5*n - 6. What is x(4)?
-34
Let t(b) = b**3 - 7*b**2 + 2*b - 4. Give t(6).
-28
Let c(n) = 6*n - 9. Give c(2).
3
Let a(d) = d - 3. Give a(-7).
-10
Let j(g) = -3*g + 26. Give j(7).
5
Let h(s) = -2*s + 32. Determine h(12).
8
Let k(w) = -5*w + 211. Determine k(39).
16
Let d(q) = -q**2 - 20*q - 20. Give d(-19).
-1
Let t(f) = -f**2 - 24*f - 136. What is t(-10)?
4
Let t(l) = -l**2 + 6*l - 7. Give t(-5).
-62
Let q(y) = 5*y + 2. Calculate q(-3).
-13
Let h(d) = d**3 - 7*d**2 + 6*d - 7. What is h(7)?
35
Let z(p) = 4*p**2 - 3*p + 1. Determine z(2).
11
Let k(j) = -19*j - 105. Calculate k(-10).
85
Let d(p) = -p**2 - p + 31. Determine d(5).
1
Let p(j) = j + 9. Determine p(14).
23
Let t(b) = b**2 + 5*b - 11. What is t(-9)?
25
Let k(w) = -w**3 - 7*w**2 + 11*w - 3. What is k(-8)?
-27
Let t(a) = -75*a - 456. Determine t(-6).
-6
Let f(r) = 2*r + 3. What is f(-12)?
-21
Let k(h) = h**3 + 16*h**2 + 17*h + 15. What is k(-15)?
-15
Let f(y) = y**3 - 8*y**2 - 3*y + 3. Give f(8).
-21
Let a(o) = o**2 + 20*o - 38. Give a(-19).
-57
Let n(d) = 16*d - 4. Calculate n(1).
12
Let h(j) = 3*j**2 + 22*j - 47. What is h(-9)?
-2
Let y(x) = x**2 + 2*x - 157. Calculate y(-14).
11
Let p(x) = -x**3 + 3*x**2 + 2*x - 4. Calculate p(4).
-12
Let y(w) = -7*w + 1. Determine y(1).
-6
Let h(l) = -l**3 + 8*l**2 - 4*l + 5. Determine h(7).
26
Let b(z) = -2*z**2 + 2*z + 16. Determine b(4).
-8
Let o(p) = 2*p**2 - 10*p + 1. What is o(5)?
1
Let g(l) = l**3 - 3*l**2 - 11*l + 3. Calculate g(5).
-2
Let o(g) = -g**2 + 5. Determine o(3).
-4
Let f(h) = 4*h - 57. What is f(13)?
-5
Let h(b) = -b**3 + 12*b**2 - b + 10. What is h(12)?
-2
Let s(k) = k**3 - 8*k**2 